he prime factors of 23112.
2, 3, 107
What are the prime factors of 573212?
2, 47, 3049
What are the prime factors of 1434660?
2, 3, 5, 23911
List the prime factors of 5897969.
7, 11, 76597
List the prime factors of 2004045.
3, 5, 17, 29, 271
List the prime factors of 7434997.
7434997
List the prime factors of 906377.
906377
What are the prime factors of 1551388?
2, 19, 137, 149
What are the prime factors of 3129746?
2, 257, 6089
List the prime factors of 18532756.
2, 11, 23, 18313
List the prime factors of 150377.
150377
List the prime factors of 481025.
5, 71, 271
What are the prime factors of 229849?
229849
What are the prime factors of 2680294?
2, 359, 3733
List the prime factors of 7242225.
3, 5, 61, 1583
What are the prime factors of 2334001?
2334001
List the prime factors of 14316914.
2, 151, 47407
What are the prime factors of 34123612?
2, 2129, 4007
List the prime factors of 24265150.
2, 5, 7, 13, 5333
List the prime factors of 12807737.
12807737
List the prime factors of 746300.
2, 5, 17, 439
What are the prime factors of 69325?
5, 47, 59
What are the prime factors of 207377?
207377
List the prime factors of 349946.
2, 37, 4729
List the prime factors of 1534976.
2, 1499
List the prime factors of 18349630.
2, 5, 13, 17, 19, 23
List the prime factors of 14510411.
29, 157, 3187
List the prime factors of 8640668.
2, 19, 41, 47, 59
List the prime factors of 16528442.
2, 7, 19, 62137
What are the prime factors of 683398?
2, 191, 1789
What are the prime factors of 1057238?
2, 7, 13, 37, 157
What are the prime factors of 66835?
5, 13367
List the prime factors of 122391.
3, 1511
What are the prime factors of 2973274?
2, 1486637
List the prime factors of 8007407.
8007407
List the prime factors of 71824.
2, 67
What are the prime factors of 238058?
2, 37, 3217
What are the prime factors of 169717?
23, 47, 157
What are the prime factors of 18903438?
2, 3, 1050191
List the prime factors of 289590.
2, 3, 5, 7, 197
What are the prime factors of 1093284?
2, 3, 53, 191
What are the prime factors of 870286?
2, 435143
List the prime factors of 3863045.
5, 89, 8681
What are the prime factors of 62622?
2, 3, 7, 71
List the prime factors of 477822.
2, 3, 97, 821
List the prime factors of 11169682.
2, 19, 193, 1523
List the prime factors of 486422.
2, 107, 2273
What are the prime factors of 1257203?
23, 47, 1163
What are the prime factors of 40022?
2, 20011
List the prime factors of 9989337.
3, 23, 144773
What are the prime factors of 837513?
3, 31019
What are the prime factors of 5600162?
2, 59, 47459
List the prime factors of 28747860.
2, 3, 5, 479131
List the prime factors of 735748.
2, 13, 14149
What are the prime factors of 652228?
2, 41, 97
List the prime factors of 1409598.
2, 3, 78311
What are the prime factors of 1393510?
2, 5, 331, 421
What are the prime factors of 8841650?
2, 5, 19, 41, 227
List the prime factors of 311643.
3, 31, 1117
List the prime factors of 60061.
17, 3533
List the prime factors of 568821.
3, 11, 1567
List the prime factors of 15885.
3, 5, 353
What are the prime factors of 429079?
7, 61297
List the prime factors of 21459513.
3, 223, 32077
List the prime factors of 12927244.
2, 11, 79, 3719
What are the prime factors of 1752142?
2, 7, 19, 941
What are the prime factors of 543063?
3, 157, 1153
List the prime factors of 1756647.
3, 7229
What are the prime factors of 4296325?
5, 11, 17, 919
List the prime factors of 23351856.
2, 3, 11, 47, 941
List the prime factors of 2451748.
2, 13, 47149
List the prime factors of 1014667.
571, 1777
What are the prime factors of 1131556?
2, 282889
List the prime factors of 261716.
2, 7, 13, 719
What are the prime factors of 1829272?
2, 107, 2137
List the prime factors of 96586.
2, 7, 6899
What are the prime factors of 242527?
29, 8363
List the prime factors of 1145609.
409, 2801
What are the prime factors of 2801396?
2, 13, 17, 3169
List the prime factors of 452036.
2, 13, 8693
What are the prime factors of 8130286?
2, 127, 32009
What are the prime factors of 526051?
526051
What are the prime factors of 117272?
2, 107, 137
What are the prime factors of 3015009?
3, 111667
List the prime factors of 152325.
3, 5, 677
List the prime factors of 818460.
2, 3, 5, 4547
What are the prime factors of 898904?
2, 112363
What are the prime factors of 141142?
2, 70571
What are the prime factors of 403021?
467, 863
List the prime factors of 488722.
2, 13, 18797
What are the prime factors of 19077849?
3, 7, 33647
What are the prime factors of 381325?
5, 7, 2179
List the prime factors of 72347.
11, 6577
List the prime factors of 5067476.
2, 1266869
List the prime factors of 11219649.
3, 7, 233, 2293
List the prime factors of 6956577.
3, 101, 2551
List the prime factors of 258080.
2, 5, 1613
List the prime factors of 1603507.
61, 97, 271
List the prime factors of 384485.
5, 131, 587
List the prime factors of 825721.
13, 19, 3343
What are the prime factors of 317645?
5, 17, 37, 101
List the prime factors of 2418376.
2, 302297
What are the prime factors of 1922032?
2, 7, 131
What are the prime factors of 25481?
83, 307
List the prime factors of 11190470.
2, 5, 1119047
List the prime factors of 638154.
2, 3, 11, 293
What are the prime factors of 77057?
251, 307
List the prime factors of 655738.
2, 327869
List the prime factors of 2050478.
2, 1025239
List the prime factors of 7168869.
3, 796541
What are the prime factors of 13650754?
2, 13, 525029
List the prime factors of 394023.
3, 7, 29, 647
What are the prime factors of 7059738?
2, 3, 7, 168089
List the prime factors of 102237.
3, 53, 643
What are the prime factors of 8691095?
5, 7, 248317
What are the prime factors of 1160501?
19, 103, 593
What are the prime factors of 207621?
3, 17, 23, 59
What are the prime factors of 29148?
2, 3, 7, 347
What are the prime factors of 6530302?
2, 3265151
What are the prime factors of 29531291?
37, 798143
What are the prime factors of 693551?
167, 4153
List the prime factors of 11098579.
11098579
List the prime factors of 340487.
7, 127, 383
List the prime factors of 6562692.
2, 3, 182297
List the prime factors of 240227.
13, 17, 1087
List the prime factors of 1986924.
2, 3, 23, 313
List the prime factors of 20520.
2, 3, 5, 19
What are the prime factors of 129539?
129539
What are the prime factors of 3789965?
5, 757993
What are the prime factors of 554675?
5, 11, 2017
List the prime factors of 971055.
3, 5, 7193
What are the prime factors of 9935216?
2, 179, 3469
List the prime factors of 1105182.
2, 3, 13, 4723
List the prime factors of 487892.
2, 283, 431
What are the prime factors of 166308?
2, 3, 13859
What are the prime factors of 5814993?
3, 29, 89, 751
List the prime factors of 10744440.
2, 3, 5, 7, 12791
List the prime factors of 206242.
2, 101, 1021
What are the prime factors of 180162?
2, 3, 10009
What are the prime factors of 1560977?
11, 141907
What are the prime factors of 1966721?
743, 2647
What are the prime factors of 6398501?
41, 156061
List the prime factors of 95757.
3, 59, 541
List the prime factors of 44217.
3, 17
List the prime factors of 333114.
2, 3, 59, 941
What are the prime factors of 186391?
186391
What are the prime factors of 359209?
359209
What are the prime factors of 170671?
103, 1657
List the prime factors of 1220395.
5, 11, 22189
List the prime factors of 161340.
2, 3, 5, 2689
List the prime factors of 276400.
2, 5, 691
What are the prime factors of 1205960?
2, 5, 7, 59, 73
List the prime factors of 573944.
2, 7, 37, 277
What are the prime factors of 2765471?
2765471
What are the prime factors of 69733?
137, 509
What are the prime factors of 4186577?
457, 9161
What are the prime factors of 437069?
23, 31, 613
List the prime factors of 23307.
3, 17, 457
List the prime factors of 3575000.
2, 5, 11, 13
What are the prime factors of 40817?
7, 17
What are the prime factors of 4919914?
2, 2459957
List the prime factors of 561645.
3, 5, 7, 1783
List the prime factors of 4118690.
2, 5, 241, 1709
What are the prime factors of 1171657?
17, 41
What are the prime factors of 22970893?
11, 17, 122839
List the prime factors of 167296.
2, 1307
List the prime factors of 6983565.
3, 5, 37, 12583
What are the prime factors of 2004255?
3, 5, 11, 4049
List the prime factors of 2851848.
2, 3, 163
What are the p